10 a factor of 730?
True
Does 41 divide 1148?
True
Is 1514 a multiple of 6?
False
Does 22 divide 2882?
True
Is 343 a factor of 41358?
False
Does 17 divide 1139?
True
Does 118 divide 10974?
True
Does 13 divide 18460?
True
Is 16 a factor of 649?
False
Is 396 a multiple of 12?
True
Is 7453 a multiple of 12?
False
Does 14 divide 2758?
True
Is 9 a factor of 754?
False
Does 9 divide 3186?
True
Is 25968 a multiple of 48?
True
Is 20 a factor of 3420?
True
Is 91 a factor of 53963?
True
Does 12 divide 19941?
False
Does 84 divide 17304?
True
Does 47 divide 75106?
True
Is 3 a factor of 5437?
False
Is 4 a factor of 528?
True
Is 37752 a multiple of 264?
True
Does 20 divide 1400?
True
Is 6 a factor of 492?
True
Is 52643 a multiple of 25?
False
Is 60 a factor of 5040?
True
Is 58 a factor of 1624?
True
Is 720 a multiple of 45?
True
Does 2 divide 732?
True
Does 3 divide 428?
False
Is 1246 a multiple of 4?
False
Is 10 a factor of 2514?
False
Does 13 divide 124345?
True
Is 459 a multiple of 38?
False
Is 10 a factor of 60?
True
Is 3171 a multiple of 12?
False
Is 6191 a multiple of 62?
False
Does 169 divide 51038?
True
Is 13 a factor of 1664?
True
Is 8520 a multiple of 71?
True
Is 1368 a multiple of 22?
False
Is 8 a factor of 3231?
False
Is 1460 a multiple of 73?
True
Is 16 a factor of 818?
False
Does 6 divide 1452?
True
Is 3322 a multiple of 2?
True
Is 7 a factor of 1246?
True
Does 14 divide 176?
False
Is 17687 a multiple of 35?
False
Is 135354 a multiple of 34?
True
Is 11368 a multiple of 8?
True
Is 10 a factor of 1764?
False
Is 6 a factor of 1086?
True
Is 10 a factor of 4470?
True
Is 2006 a multiple of 27?
False
Is 17 a factor of 687?
False
Is 2284 a multiple of 6?
False
Is 23278 a multiple of 21?
False
Does 9 divide 3861?
True
Is 30 a factor of 390?
True
Is 11 a factor of 3699?
False
Is 22 a factor of 255?
False
Is 13 a factor of 533?
True
Is 48 a factor of 1584?
True
Does 8 divide 81?
False
Does 95 divide 11520?
False
Does 6 divide 3528?
True
Is 35 a factor of 12740?
True
Is 11878 a multiple of 37?
False
Does 7 divide 238?
True
Is 52 a factor of 9763?
False
Does 55 divide 1210?
True
Is 55 a factor of 4730?
True
Does 99 divide 15499?
False
Is 49 a factor of 539?
True
Does 88 divide 1320?
True
Does 49 divide 5194?
True
Does 12 divide 1782?
False
Is 173 a factor of 39444?
True
Does 28 divide 1388?
False
Is 10 a factor of 50?
True
Is 2400 a multiple of 16?
True
Does 20 divide 2464?
False
Is 36 a factor of 432?
True
Is 42 a factor of 840?
True
Is 714 a multiple of 14?
True
Does 122 divide 366?
True
Is 94 a factor of 3478?
True
Is 7 a factor of 35?
True
Is 3 a factor of 41?
False
Is 167 a factor of 8016?
True
Is 33 a factor of 1583?
False
Is 38 a multiple of 4?
False
Does 14 divide 10464?
False
Is 15 a factor of 20?
False
Is 9 a factor of 2520?
True
Is 105 a multiple of 35?
True
Is 50 a multiple of 13?
False
Does 9 divide 207?
True
Is 1202 a multiple of 63?
False
Does 20 divide 640?
True
Does 8 divide 22946?
False
Is 1242 even?
True
Does 12 divide 2615?
False
Is 5420 a multiple of 89?
False
Is 33 a factor of 496?
False
Is 5313 a multiple of 33?
True
Does 9 divide 1062?
True
Is 1717 a multiple of 13?
False
Is 25 a factor of 192325?
True
Is 339 a multiple of 12?
False
Does 56 divide 2240?
True
Does 4 divide 652?
True
Is 22 a factor of 2349?
False
Is 3971 a multiple of 2?
False
Does 4 divide 3724?
True
Is 20181 a multiple of 21?
True
Does 36 divide 308?
False
Is 5 a factor of 650?
True
Is 26 a factor of 40911?
False
Is 122 a factor of 18666?
True
Does 69 divide 4008?
False
Is 1837 a multiple of 64?
False
Does 149 divide 6705?
True
Is 46 a multiple of 46?
True
Does 165 divide 56422?
False
Is 3133 a multiple of 5?
False
Is 153 a multiple of 11?
False
Is 18 a factor of 1566?
True
Is 15103 a multiple of 111?
False
Is 21 a factor of 13734?
True
Does 25 divide 53750?
True
Is 25 a factor of 1350?
True
Is 140 a factor of 3795?
False
Is 138 a multiple of 69?
True
Does 67 divide 34407?
False
Is 4779 a multiple of 40?
False
Is 54 a factor of 712?
False
Is 24960 a multiple of 312?
True
Is 1257 a multiple of 43?
False
Does 31 divide 496?
True
Is 8 a factor of 1336?
True
Is 33 a factor of 7071?
False
Does 39 divide 114075?
True
Is 462 a multiple of 3?
True
Is 349 a multiple of 3?
False
Is 8 a factor of 137?
False
Is 3211 a multiple of 73?
False
Is 1956 a multiple of 3?
True
Is 4091 a multiple of 12?
False
Is 90 a factor of 19260?
True
Does 15 divide 89205?
True
Is 49 a factor of 1029?
True
Does 55 divide 90832?
False
Is 17 a factor of 307?
False
Is 33 a factor of 1441?
False
Is 8 a factor of 184?
True
Does 3 divide 7571?
False
Does 199 divide 1990?
True
Is 16 a factor of 7984?
True
Does 4 divide 995?
False
Is 14 a factor of 10311?
False
Is 7314 a multiple of 4?
False
Is 831 a multiple of 6?
False
Is 11637 a multiple of 11?
False
Does 12 divide 5592?
True
Is 195 a factor of 18330?
True
Does 242 divide 99704?
True
Does 127 divide 48301?
False
Is 23 a factor of 43010?
True
Is 1540 a multiple of 14?
True
Is 10336 a multiple of 19?
True
Is 75 a factor of 2131?
False
Is 3334 a multiple of 202?
False
Is 1104 a multiple of 32?
False
Is 1066 a multiple of 10?
False
Does 4 divide 606?
False
Is 92 a factor of 2527?
False
Is 4390 a multiple of 27?
False
Is 9170 a multiple of 35?
True
Is 40 a factor of 64280?
True
Is 2 a factor of 896?
True
Is 12 a factor of 216?
True
Is 72 a factor of 8004?
False
Is 255 a multiple of 15?
True
Is 46 a factor of 3956?
True
Is 29304 a multiple of 88?
True
Does 14 divide 9850?
False
Does 48 divide 44036?
False
Does 32 divide 18763?
False
Is 5 a factor of 37?
False
Does 6 divide 726?
True
Is 3637 a multiple of 8?
False
Is 195 a multiple of 15?
True
Is 667 a multiple of 14?
False
Does 12 divide 10296?
True
Is 24 a factor of 26064?
True
Is 4158 a multiple of 21?
True
Does 13 divide 4537?
True
Does 52 divide 4576?
True
Is 10 a factor of 8488?
False
Is 1923 a multiple of 3?
True
Is 1223 a multiple of 29?
False
Does 17 divide 612?
True
Is 26439 a multiple of 21?
True
Is 23 a factor of 748?
False
Is 9266 a multiple of 11?
False
Is 11 a factor of 5705?
False
Is 2736 a multiple of 6?
True
Is 15 a factor of 98265?
True
Is 37 a factor of 555?
True
Does 16 divide 7255?
False
Does 16 divide 5862?
False
Is 50744 a multiple of 23?
False
Is 2 a factor of 161?
False
Is 1402 a multiple of 28?
False
Is 42768 a multiple of 6?
True
Does 6 divide 526?
False
Is 61 a factor of 5608?
False
Is 306 a multiple of 8?
False
Is 148 a multiple of 39?
False
Is 314 a multiple of 74?
False
Is 45 a factor of 1080?
True
Is 20 a factor of 14365?
False
Is 18 a factor of 3922?
False
Does 182 divide 30758?
True
Is 69 a factor of 2149?
False
Is 49 a factor of 317?
False
Is 2 a factor of 15?
False
Does 4 divide 2281?
False
Is 21 a factor of 11109?
True
Is 25 a factor of 29925?
True
Is 4 a factor of 4525?
False
Is 54 a factor of 8063?
False
Does 46 divide 16054?
True
Does 13 divide 41?
False
Is 1230 a multiple of 2?
True
Is 12311 a multiple of 22?
False
Is 130 a factor of 19760?
True
Is 38 a factor of 10260?
True
Is 5 a factor of 36?
False
Is 429 a multiple of 13?
True
Is 5363 a multiple of 71?
False
Is 2024 a multiple of 41?
False
Does 12 divide 10056?
True
Does 2 divide 27?
False
Is 14148 a multiple of 54?
True
Is 104690 a multiple of 38?
True
Does 63 divide 770?
False
Is 68 a factor of 7480?
True
Is 53298 a multiple of 8?
False
Is 700 a multiple of 28?
True
Is 80 a factor of 3699?
False
Does 73 divide 8030?
True
Is 861 a multiple of 123?
True
Is 8060 a multiple of 62?
True
Is 190 a multiple of 104?
False
Is 2683 a multiple of 15?
False
Is 56 a factor of 68559?
False
Does 59 divide 12095?
True
Is 12550 a multiple of 18?
False
Does 15 divide 165?
True
Is 10 a factor of 58590?
True
Does 8 divide 5784?
True
Is 18 a factor of 13284?
True
Is 10 a factor of 220?
True
Is 9972 a multiple of 235?
False
Is 1680 a multiple of 11?
False
Is 6 a factor of 474?
True
Is 9 a factor of 133?
False
Is 10 a factor of 170?
True
Is 43 a factor of 430?
True
Does 234 divide 47502?
True
Does 51 divide 640?
False
Is 414 a multiple of 19?
False
Does 5 divide 927?
False
Does 24 divide 17496?
True
Is 45 a factor of 856?
False
Is 72 a factor of 59328?
True
Is 18 a factor of 2610?
True
Is 1395 a multiple of 12?
False
Is 1403 a multi